t are the prime factors of 105298647?
3, 35099549
List the prime factors of 102892344.
2, 3, 4287181
What are the prime factors of 370739122?
2, 13, 1361, 10477
List the prime factors of 134997723.
3, 7, 59, 36319
List the prime factors of 366046167.
3, 367, 332467
What are the prime factors of 363315978?
2, 3, 89, 226789
List the prime factors of 6600212463.
3, 13, 163, 1038259
What are the prime factors of 9226114?
2, 83, 55579
What are the prime factors of 616487487?
3, 7, 11, 347, 7691
What are the prime factors of 39572996?
2, 79, 125231
List the prime factors of 1543733932.
2, 13, 83, 357677
What are the prime factors of 320324764?
2, 349, 229459
What are the prime factors of 255346704?
2, 3, 1773241
What are the prime factors of 218102993?
218102993
List the prime factors of 291945922.
2, 79, 523, 3533
List the prime factors of 262294965.
3, 5, 179, 32563
List the prime factors of 24289352.
2, 379, 8011
List the prime factors of 41729131.
31, 197, 6833
List the prime factors of 281805463.
281805463
What are the prime factors of 531229030?
2, 5, 73, 727711
What are the prime factors of 5008539838?
2, 151, 2713, 6113
List the prime factors of 4027480346.
2, 1051, 1916023
List the prime factors of 37437788.
2, 9359447
List the prime factors of 1768586979.
3, 6917, 85229
List the prime factors of 185819054.
2, 61, 1523107
What are the prime factors of 409068156?
2, 3, 7, 23, 83, 2551
List the prime factors of 96121944.
2, 3, 17, 26177
List the prime factors of 143023626.
2, 3, 7945757
List the prime factors of 79404439.
19, 241, 17341
What are the prime factors of 525410694?
2, 3, 59, 494737
List the prime factors of 534371452.
2, 193, 692191
What are the prime factors of 637383794?
2, 433, 491, 1499
What are the prime factors of 1393752569?
11, 4211, 30089
What are the prime factors of 966835?
5, 193367
List the prime factors of 4619978.
2, 11, 373, 563
List the prime factors of 86558741.
211, 410231
List the prime factors of 27304622.
2, 1123, 12157
What are the prime factors of 329340271?
13, 1948759
List the prime factors of 482638610.
2, 5, 421, 114641
What are the prime factors of 2303924765?
5, 460784953
What are the prime factors of 885207489?
3, 8011, 36833
List the prime factors of 234130725.
3, 5, 1040581
What are the prime factors of 13220560?
2, 5, 17, 9721
What are the prime factors of 136127425?
5, 7, 777871
List the prime factors of 30451816.
2, 23, 359, 461
What are the prime factors of 129022552?
2, 37, 401, 1087
List the prime factors of 3587551602.
2, 3, 597925267
List the prime factors of 542976420.
2, 3, 5, 7, 1292801
What are the prime factors of 182372011?
182372011
What are the prime factors of 2536889547?
3, 27847, 30367
List the prime factors of 431309609.
431309609
What are the prime factors of 2176061751?
3, 241784639
What are the prime factors of 1420397360?
2, 5, 17754967
What are the prime factors of 1118002067?
7, 13, 103, 181, 659
What are the prime factors of 17453873?
47, 371359
What are the prime factors of 441889503?
3, 11, 13390591
List the prime factors of 5905293.
3, 109, 18059
List the prime factors of 395295535.
5, 857, 92251
What are the prime factors of 61938537?
3, 19, 1086641
What are the prime factors of 41621182?
2, 241, 86351
List the prime factors of 301568641.
11, 647, 42373
What are the prime factors of 1524587514?
2, 3, 254097919
List the prime factors of 2443060960.
2, 5, 15269131
What are the prime factors of 55004646?
2, 3, 9167441
What are the prime factors of 812798029?
103, 1453, 5431
List the prime factors of 1242137854.
2, 621068927
List the prime factors of 711888170.
2, 5, 7, 1452833
List the prime factors of 1186008283.
1186008283
What are the prime factors of 6963575329?
137, 50829017
List the prime factors of 1393568855.
5, 7, 1907, 20879
What are the prime factors of 9523030?
2, 5, 11, 86573
List the prime factors of 9504979840.
2, 5, 173, 85847
What are the prime factors of 6407729138?
2, 19, 733, 230047
List the prime factors of 4399510827.
3, 1466503609
What are the prime factors of 47644901?
137, 347773
What are the prime factors of 1065102244?
2, 266275561
List the prime factors of 233386124.
2, 89, 655579
What are the prime factors of 10437249?
3, 3479083
List the prime factors of 2388751966.
2, 1194375983
What are the prime factors of 150594489?
3, 1571, 10651
What are the prime factors of 2093328656?
2, 5479, 23879
List the prime factors of 287752931.
17, 23, 89, 8269
List the prime factors of 502674694.
2, 229, 1097543
List the prime factors of 2779291552.
2, 461, 188401
What are the prime factors of 107048909?
11, 41, 97, 2447
What are the prime factors of 67894581?
3, 19, 83, 113, 127
List the prime factors of 69455561.
7, 23, 389, 1109
What are the prime factors of 406710916?
2, 101677729
List the prime factors of 709153982.
2, 1627, 217933
List the prime factors of 1119841764.
2, 3, 93320147
List the prime factors of 430946880.
2, 3, 5, 7, 13, 4933
List the prime factors of 59756498.
2, 43, 59, 11777
List the prime factors of 237762786.
2, 3, 39627131
What are the prime factors of 49534077?
3, 73, 226183
List the prime factors of 1299422799.
3, 41, 151, 23321
What are the prime factors of 16990945?
5, 31, 109619
List the prime factors of 1887279002.
2, 7, 19257949
List the prime factors of 82611623.
59, 1400197
List the prime factors of 47222571.
3, 11, 1430987
What are the prime factors of 1395693656?
2, 7, 31, 43, 2671
List the prime factors of 6913689.
3, 2304563
What are the prime factors of 262550056?
2, 19, 449, 3847
What are the prime factors of 258297385?
5, 1361, 37957
List the prime factors of 99221097.
3, 19, 1740721
List the prime factors of 370004576.
2, 59, 195977
List the prime factors of 14223164.
2, 271, 13121
List the prime factors of 1200674179.
181, 1097, 6047
What are the prime factors of 42880164?
2, 3, 109, 32783
List the prime factors of 77118154.
2, 17, 109, 20809
List the prime factors of 2800585820.
2, 5, 991, 141301
List the prime factors of 135162400.
2, 5, 107, 1579
What are the prime factors of 1236701137?
7, 176671591
What are the prime factors of 644338665?
3, 5, 67, 71237
What are the prime factors of 17614267?
11, 479, 3343
List the prime factors of 6148411012.
2, 17, 523, 172883
List the prime factors of 194398400.
2, 5, 7, 17, 1021
List the prime factors of 60197034.
2, 3, 17, 211, 2797
List the prime factors of 319193558.
2, 43, 397, 9349
List the prime factors of 336194234.
2, 467, 593, 607
List the prime factors of 1612490708.
2, 19, 21216983
What are the prime factors of 289723441?
7, 277, 149419
List the prime factors of 3401374956.
2, 3, 7, 40492559
What are the prime factors of 26566890?
2, 3, 5, 7, 73, 1733
List the prime factors of 146412315.
3, 5, 7, 464801
What are the prime factors of 1205278765?
5, 241055753
What are the prime factors of 1179111130?
2, 5, 733, 160861
List the prime factors of 423533742.
2, 3, 59, 131, 9133
List the prime factors of 142170582.
2, 3, 47, 504151
List the prime factors of 36385549.
1009, 36061
What are the prime factors of 149844795?
3, 5, 2297, 4349
What are the prime factors of 2269216755?
3, 5, 13, 1293001
What are the prime factors of 941817216?
2, 3, 2452649
List the prime factors of 4763865495.
3, 5, 421, 754373
List the prime factors of 4079257750.
2, 5, 2753, 5927
List the prime factors of 545476819.
545476819
List the prime factors of 119982625.
5, 7, 19, 1031
What are the prime factors of 54779592?
2, 3, 7, 43, 7583
What are the prime factors of 1972484289?
3, 14653, 14957
What are the prime factors of 229276457?
37, 199, 31139
What are the prime factors of 868411087?
868411087
What are the prime factors of 4305740267?
4305740267
List the prime factors of 112080802.
2, 127, 441263
What are the prime factors of 184579766?
2, 7, 31, 60757
List the prime factors of 1140299078.
2, 37, 15409447
List the prime factors of 67759036.
2, 2357, 7187
What are the prime factors of 324207705?
3, 5, 41, 79, 6673
What are the prime factors of 1893817510?
2, 5, 13, 17, 479, 1789
What are the prime factors of 78284987?
11, 2539, 2803
What are the prime factors of 5990295869?
5990295869
List the prime factors of 66940354.
2, 13, 1321, 1949
List the prime factors of 2478586230.
2, 3, 5, 